er when 55/2*(-34)/(-85) is divided by u(-4)?
5
Let u(g) = 5*g + 125. Let x be u(0). Let h = -121 + x. What is the remainder when 14 is divided by h?
2
Let x = 2732 + -2637. What is the remainder when 144 is divided by x?
49
Suppose -5*z - 27 = -m, -5*m - 8*z = -6*z. Calculate the remainder when 22 is divided by m.
0
Suppose -l + 61 = 4*m, 2*l + 3*m = -0*m + 97. Suppose 3*r - l = 2*r. Let y(x) = x**2 - 9*x - 8. Calculate the remainder when r is divided by y(11).
13
Suppose -3*d - 3*y = -0*y - 342, -5*y = d - 130. Calculate the remainder when d is divided by 57.
53
Let b(a) = -26*a + 26. Let r be b(-5). Suppose -3*o + r = 3*o. Calculate the remainder when o is divided by 14.
12
What is the remainder when 98 is divided by -1 + 6 + -8 + 32?
11
Let z(v) = -51*v + 1. Suppose -h + 2*h = -1. Calculate the remainder when z(h) is divided by (45 - 0)*(-12)/(-30).
16
Let n = -1328 + 1332. Calculate the remainder when 98 is divided by n.
2
Suppose 0 = 3*i - 364 + 178. Calculate the remainder when i is divided by 16.
14
Let k(p) be the first derivative of -1 + 2/3*p**3 + 10*p - 2*p**2. Calculate the remainder when k(4) is divided by 14.
12
Let d(g) = 29 - 20*g + 25*g - 4 + g**2. Calculate the remainder when 90 is divided by d(-6).
28
Let g(k) = 441*k**2 - 6*k - 7. Calculate the remainder when g(-1) is divided by 8.
0
Calculate the remainder when (440/7)/((-45)/(-315)) is divided by 26.
24
Let j(g) = 3*g**2 - 25*g - 13. Calculate the remainder when 27 is divided by j(9).
2
Let q = -31 - -49. Calculate the remainder when q is divided by 1/2 - (-1140)/120.
8
Let r be -3*(3 + (-22)/6). Suppose -g + r*g = -8. Let q = g - -12. Calculate the remainder when 15 is divided by q.
3
Suppose -2*m + 1 = -9. Suppose 0 = 3*h - 3*y - 420, -m*y = h - 160 + 26. Suppose h = 3*q - 26. Calculate the remainder when q is divided by 28.
27
Let n = 45 + -32. Let i(d) = 2*d + 17. Let q be i(-8). What is the remainder when 202/4 + q/4*2 is divided by n?
12
Let h(n) = -n**3 + 8*n**2 + 24*n - 13. Let c be h(10). Let i = c - -4. Calculate the remainder when i is divided by 18.
13
Suppose -3 = -2*k - 0*k + 3*o, -k - 11 = -4*o. Calculate the remainder when 40 is divided by k.
4
Suppose 0 = 23*c - 17*c - 114. Suppose 2*d - a - 128 = -5*a, 276 = 4*d + 3*a. Calculate the remainder when d is divided by c.
15
Suppose 1568 - 1361 = 9*g. Calculate the remainder when 128 is divided by g.
13
What is the remainder when 36 is divided by (-16)/20*5/(-2)*14?
8
Suppose -22*s + 885 = -7057. Calculate the remainder when s is divided by 52.
49
Suppose -b + 150 - 16 = 5*x, 0 = 5*b + 3*x - 604. Suppose -4*q = -81 - b. What is the remainder when q is divided by 17?
16
Let k = 109 + -105. Suppose -c - j + 21 = 0, -k*j - 20 = -4*c + 96. Calculate the remainder when c is divided by 13.
12
Let i(m) = -m**3 + 8*m**2 - 5*m. Let l be i(7). Let u be l*(-1 + (-1 - 0)). What is the remainder when (u/10)/(2/(-20)) is divided by 10?
8
Let z(m) = 11*m**2 + 31*m + 34. Calculate the remainder when z(-7) is divided by 60.
56
Let u = -33 + 21. Calculate the remainder when u*(39/(-6) - -3) is divided by 15.
12
Suppose 0 = -o + 4, 2*q - 232 = -5*o + 160. What is the remainder when q is divided by 95?
91
Let g = 407 - 292. What is the remainder when g is divided by 13?
11
Suppose -310 = -4*x + 2*c, -3*x - 8*c + 5*c + 237 = 0. Let r = -33 + 60. Calculate the remainder when x is divided by r.
24
Suppose -4*j = b - 20, 4*b - 2*j - 27 - 35 = 0. Calculate the remainder when 158 is divided by b.
14
Suppose -9 = -2*h + 5*k + 2, -51 = -2*h - 3*k. Calculate the remainder when 25 is divided by h.
7
Let i = 1024 - 807. Calculate the remainder when i is divided by 32.
25
Suppose -963*m + 968*m = 80. What is the remainder when (-1 + 95)*(2 + -1) is divided by m?
14
Suppose 0 = o + 66 - 177. Calculate the remainder when o is divided by 38.
35
Let s be -14 + 16 - (0 + -303). Suppose -6*h + 499 = -s. Suppose -2*u + u + h = 0. Calculate the remainder when u is divided by 34.
32
Suppose l + 2*l - 5*l = 0. Suppose 13*b - 325 = -l*b. Calculate the remainder when 73 is divided by b.
23
Suppose 2*q + 8 = 3*q. Suppose -5*j - 8*x - 9 = 0, -4*j + 5*x + 15 = 4*x. What is the remainder when q is divided by j?
2
Let h = 118 - 96. Calculate the remainder when 109 is divided by h.
21
Suppose -96 = -28*z + 22*z. Suppose -4*j + 2*j = 0. Suppose d + u = 2*d - 13, j = 3*d + u - 27. Calculate the remainder when z is divided by d.
6
Suppose 393 = -59*c + 1160. Calculate the remainder when 792 is divided by c.
12
Let t(m) = 8*m**2 - 7*m - 4. Let d = 100 - 97. What is the remainder when t(d) is divided by 18?
11
Let b be 736 + (4 - (-12)/(-3)). Calculate the remainder when (b/12)/(6/9) is divided by 31.
30
Suppose 0 = -6*b + 2*b - 3*i + 40, 5*i = 4*b - 40. Let h(a) = a + 11. Let u = -48 - -56. What is the remainder when h(u) is divided by b?
9
Let w = -231 + 247. What is the remainder when 44 is divided by w?
12
Suppose 5*d + 27*m = 28*m + 118, -d + 4*m = -35. Calculate the remainder when d is divided by 16.
7
Suppose 0*s = -7*s + 7. Calculate the remainder when 340/(-5)*(s - (-6)/(-4)) is divided by 12.
10
Suppose -2*j + 0*b = b + 45, 0 = j + b + 25. Let m = j + 36. What is the remainder when (2/8 - (-66)/24) + 42 is divided by m?
13
Let m = -112 - -178. What is the remainder when m is divided by 27?
12
Let o(w) = -w + 6. Let u = -47 - -41. What is the remainder when o(-8) is divided by (u + -4)/(0 - (-4)/(-2))?
4
Suppose -15 = -35*w + 30*w. Let u(j) = 3*j**2 - 7*j + 3. Let l(s) = 7*s - 4. Calculate the remainder when l(3) is divided by u(w).
8
What is the remainder when ((-5)/(-1))/(10/80) is divided by 2 + ((-2)/(-8) - 150/(-40))?
4
Let g = 15559 + -15522. What is the remainder when 4/(-10) + 1011/15 is divided by g?
30
Suppose 0 = 57*l - 259 - 1166. Calculate the remainder when (48/(-20))/((-4)/110) is divided by l.
16
Let m(g) = g + 1. Let u be m(3). Suppose -2*x + 5 = -1. What is the remainder when 2*(26/u + -2) is divided by x?
0
What is the remainder when 83 is divided by 3/12 - 1190/(-40)?
23
Suppose -7*k = -916 - 729. What is the remainder when k is divided by 17?
14
Let d = -118 - -171. Suppose -2*x + b + 59 = x, -2*b = -4*x + 82. Calculate the remainder when d is divided by x.
17
Let k be (-15 - -1)*11/22. What is the remainder when 33 is divided by (-162)/(-14) - 3/k?
9
Let b(p) = -5*p**3 - p - 2. Let c be b(-2). Let i be 18/(-3) + (5 - 2) + 0. Let j = c + i. Calculate the remainder when j is divided by 13.
11
Let x = 1337 - 1196. What is the remainder when 149 is divided by x?
8
Suppose 3*i = -3*z + 5*i + 70, -115 = -5*z + 5*i. Calculate the remainder when ((-180)/6)/(-5) + (132 - -4) is divided by z.
22
Suppose -53*d - 1352 = -61*d. What is the remainder when d is divided by 26?
13
Let f be (-441)/(-126) + (-5)/2 + 1. Suppose -m + 106 = 4*w - 3*m, -4*w - f*m + 102 = 0. What is the remainder when w is divided by 9?
8
Let l(x) = x + 3. Let k(r) = -2*r - 5. Let a(t) = -4*k(t) - 7*l(t). Calculate the remainder when a(20) is divided by 4.
3
Calculate the remainder when 42 is divided by (-36)/(-4) - (3 - 23).
13
Suppose 62 = 4*s - 18. Let b = -62 - -140. What is the remainder when b is divided by s?
18
Let o(s) = -2*s - 21. Let w be o(-10). Let x = 28 + w. Calculate the remainder when 80 is divided by x.
26
Let s be 0/(0 - 2)*-1. Suppose 0 = 5*k - s*k - 45. Suppose 6*f = 5*f + 35. Calculate the remainder when f is divided by k.
8
Let i = -3 + 12. Suppose 4*v - 20 = -4*b, -2*v - 11 = -4*b - b. Suppose -5*j + 51 = -v*j. What is the remainder when j is divided by i?
8
Let g(x) = -x**2 + 2*x + 39. Let f be g(-5). Suppose -4*j + 19 = -1. Suppose f*w - 1 = -j, 4*w = -b + 22. Calculate the remainder when 51 is divided by b.
25
Let z(d) = -2*d + 8. Suppose -20 = 7*j - 9*j. Calculate the remainder when z(-7) is divided by j.
2
Let y = -47 + 62. Suppose y*v - 17*v = -38. Calculate the remainder when 33 is divided by v.
14
Let f(b) = 4*b + 69. Let w be f(-24). Let u = w + 82. What is the remainder when u is divided by 8?
7
Let t = 0 + 2. Let b(u) = -3 + 16*u - 2 + 20 - 4*u - u**t. What is the remainder when b(12) is divided by 9?
6
What is the remainder when 8/(-10)*(-15265)/43 is divided by 32?
28
Suppose 4*t - 6 = 6. Suppose 2*h - 19 + 1 = 0. What is the remai